4 = -o, 0 = t - 2*o + 7*o + 2. Let i(v) = -89*v**3 - v - 2. Let k be i(t). What is the tens digit of k/12 - (-8)/(-6)?
5
Suppose 2*z - 42137 = -x, -84277 = -4*z + 253*x - 258*x. What is the tens digit of z?
6
Let y(n) = 206*n + 24. Let l(r) = 206*r + 25. Let a(g) = 5*l(g) - 6*y(g). What is the tens digit of a(-2)?
9
Let a = 874 + 3216. What is the units digit of a?
0
Suppose 2*f = -30*f - 7*f + 602355. What is the units digit of f?
5
Let q(z) = z**2 - 12*z - 12. Let p be q(13). Let r be -3 + -3 + 315 - 4/p. Suppose -2*a = a - m - 454, r = 2*a - 3*m. What is the hundreds digit of a?
1
Let l(a) = -3*a - 40. Let s be l(32). Let f = s + 140. Suppose -n + 840 = 3*n - c, -4*n + f*c + 852 = 0. What is the tens digit of n?
0
Let x(b) be the first derivative of -b**4/4 - b**3/3 + b**2/2 + 3*b + 8. Let f be x(0). Suppose -f*n + 211 = -92. What is the tens digit of n?
0
Let c = 6557 - 4342. What is the hundreds digit of c?
2
Let x = -565 + 1002. Let i = x - 311. What is the units digit of i?
6
Suppose 11*d = 13*d + 346. Let j = d + 247. What is the units digit of j?
4
Let m(g) = -g**3 - 12*g**2 + 102*g - 31. What is the tens digit of m(-22)?
6
Let i(n) = -1. Let t(s) = 10*s + 37. Suppose -60*y + 58*y - 2 = 0. Let o(w) = y*t(w) - 5*i(w). What is the units digit of o(-10)?
8
Suppose -17821 = -3*x + 7502. What is the units digit of x?
1
Suppose 0 = l + 3*d - 2070, 2*d = 3*d - 3. Suppose -n = 4*q - l, 4*q - 4*n = -0*n + 2076. What is the hundreds digit of q?
5
Let y be (-1 - 88/(-12)) + 32/48. Let o(t) = 6*t**2 - 4*t - 1. Let j be o(10). Suppose -y*g - 111 = -j. What is the tens digit of g?
6
What is the units digit of 19640340/1305 - (3 - (-425)/(-145))?
0
Let q(n) = -n**3 - 4*n**2 + 8. Suppose 3*w + 2*w + 15 = -5*s, 4*s - 8 = w. Let f be q(w). Let t = 50 + f. What is the tens digit of t?
5
Suppose -5*t + 380 = -5*b, 2*b + 3*t = -b - 228. What is the tens digit of 348 + b/18 + 4/18?
4
Let s(w) be the first derivative of -9*w**2/2 + 96*w + 222. What is the hundreds digit of s(-23)?
3
Let p(i) = -2*i**2 + i - 1. Let m(x) = 122*x**2 - 6. Let n(j) = m(j) + 2*p(j). What is the hundreds digit of n(2)?
4
Let y(p) be the first derivative of -p**4/4 + 31*p**3/3 + 5*p**2 - 40*p - 41. Let l be y(31). Let b = l - 51. What is the hundreds digit of b?
2
Let j = -216 - -311. Let a = 382 + j. What is the tens digit of a?
7
Suppose 8*y + 46668 = 2*i, 10*y - 7*y = -6. What is the tens digit of i?
2
Let j = -47 + 51. Let q(u) = 23*u - 10. Let m be q(j). Let y = -48 + m. What is the units digit of y?
4
Suppose -7 = 5*r + 18. Let k be -4*1/r*(-25)/(-10). Suppose -229 = -3*v - 2*w, k*w = -4 - 4. What is the units digit of v?
9
Suppose 68327 = s - 3*z, 4*s + 25*z - 273722 = -9*z. What is the ten thousands digit of s?
6
Let s(u) = 723*u**2 - 26*u - 1. Let d be s(-1). Let p = d - 353. What is the hundreds digit of p?
3
What is the tens digit of 306/((4/(-18))/(120/(-90)))?
3
Let o = -16807 - -17643. What is the hundreds digit of o?
8
Let u(o) = -417*o + 6*o**3 + 128*o + o**2 + 145*o + 128*o + 17. What is the hundreds digit of u(5)?
7
Let k = -52 + 106. What is the units digit of (-6 + 1)/((-2)/k)?
5
Let i = 95 - 103. What is the units digit of 336/20*((-76)/i + 3)?
0
Suppose 0 = -5304*u + 5309*u - 143425. What is the thousands digit of u?
8
Suppose 4894 = 7*v - 2568. Let o = v + -668. What is the hundreds digit of o?
3
What is the hundreds digit of (-6 - 16/(-6))/((-10)/17445)?
8
Suppose 0 = 12*t + 10*t - 75482. Suppose -3*p = 4*o - 3425, -4*o + t = p - 4*p. What is the tens digit of o?
5
Suppose -92*z - 37651 = -97*z + 6*s, 5*z = -3*s + 37687. What is the units digit of z?
5
Let g be 4/96*4*(1 + 5). Let w be 2000/(-12) + 2/3*g. Let v = 272 + w. What is the hundreds digit of v?
1
Let l(u) be the third derivative of 419*u**5/60 - 5*u**4/24 + 5*u**3/6 + 117*u**2. What is the units digit of l(1)?
9
Let y(b) be the second derivative of 11*b**3/3 - b**2/2 - 13*b. Let t be y(1). What is the hundreds digit of (6944/t)/2 - 4/(-6)?
1
Let v be ((-72)/(-3))/3 - (3 + -2). Let a be -2 - (2/v - 99/(-21)). Let x = 65 - a. What is the units digit of x?
2
What is the units digit of (0 - 2113)/(-37 + 7092/192)?
8
Let j be -2*1 + (9 - 6) - -6. Suppose 2*d - 42 = 2*t, 8*t + 4 = j*t. What is the units digit of d?
7
Let f = -311 + 407. Suppose -115*a = -f*a - 27911. What is the hundreds digit of a?
4
Let u(f) = -f**3 + 17*f**2 - 13*f - 20. Let c be u(9). Let a = c - -4. What is the hundreds digit of a?
5
Suppose 38*d - 217 = -1205. Suppose -947 = -5*f - 97. Let w = d + f. What is the tens digit of w?
4
Let z(b) = 19*b**2 - 2. Let m(p) = -9*p**2 + 1. Let l be (-3 + 0)/(-23 - -24). Let g(h) = l*z(h) - 7*m(h). What is the tens digit of g(3)?
5
Suppose 15*p - 641 = 3394. Suppose -p = -38*l + 37*l. What is the tens digit of l?
6
Let k(w) be the second derivative of w**5/20 + 7*w**4/4 - w**3 + 47*w**2/2 + 100*w. What is the hundreds digit of k(-21)?
1
Let o(b) = 2*b - 1. Let h(r) = -5*r**2 + 19. Let g(j) = -h(j) + 4*o(j). Let i be g(-19). Suppose 19*n = -i + 6209. What is the hundreds digit of n?
2
Let n(z) = 5*z**2 - 2*z**2 + 5*z + 0*z + 9. Let j be (2/7)/((-96)/1344). What is the units digit of n(j)?
7
What is the hundreds digit of (-8)/30 + 242903227/6945?
9
What is the tens digit of (-9 - (-441)/6)*(952/6)/2?
1
Let q(u) = -3006*u - 3722. What is the hundreds digit of q(-6)?
3
What is the thousands digit of 33625 - (-7)/(-2)*(-190)/133?
3
Let t(m) = m - 5. Let x be t(3). Let k be (24/(-30))/(36/15 + x). What is the tens digit of (3 + 18)*10*k/(-4)?
0
Let g(h) = 11*h**3 - 3*h**2 - 4*h + 1. Let i be g(-9). What is the hundreds digit of (i/15)/((-12)/36)?
6
Let i(w) = 11*w**3 - 17*w**2 + 81*w - 5. What is the tens digit of i(8)?
8
Let x(b) = -1095*b - 57. Let v be x(4). Let h = -3112 - v. What is the hundreds digit of h?
3
What is the tens digit of (6522/4*-1)/((37 - 82)/1350)?
1
Let h = 58 - 53. Suppose 1582 = -3*l + h*l + 2*w, 0 = -5*w + 15. What is the hundreds digit of l?
7
Suppose 0 = -4*h + 6*h - 10. Suppose 3*i - 100 = -p, -4*p - 2*i + 352 = -6*i. Suppose 3*y - p - h = 0. What is the tens digit of y?
3
Let l = -2456 - -2580. What is the units digit of l?
4
Let h(j) be the third derivative of j**6/60 - j**5/60 + 11*j**4/24 - 9*j**3/2 - 3*j**2 + 12. What is the hundreds digit of h(8)?
0
Suppose 4*h + 8*h = 24. Suppose h*a + 77 = 3*a. Let d = a + -18. What is the tens digit of d?
5
Let h = 25 - 15. Suppose h*b + 28 - 68 = 0. Suppose -2*r = -b*z - 336, r - z - 3*z - 160 = 0. What is the tens digit of r?
7
Let q(b) = 2*b - 11. Let w be q(7). Suppose 3*v + 100 = -g, -445 = w*g + g + 3*v. Let r = -43 - g. What is the units digit of r?
2
Let i(k) = 174*k**2 - 23*k + 100. Let p be i(5). Suppose 5736 = 9*u - p. What is the units digit of u?
9
Let w(r) = r**3 + 20*r**2 + 76*r + 20. Let p be w(-15). Suppose -4*v = p*q - 2861, 2*q - 4*v - 870 = 252. What is the units digit of q?
9
What is the units digit of (544/92 - 6) + 582255/115?
3
Suppose 0 = -4*h - z + 38139, 2*h + 28*z = 24*z + 19038. What is the thousands digit of h?
9
Let h(k) = 33*k**3 - 12*k**2 + 10. What is the tens digit of h(3)?
9
Suppose 0 = -2*v + v + 2. Suppose -2*p + v*f - 486 = -6*p, 4*f = -p + 132. What is the hundreds digit of (-3 + 7)/(-1) + p/1?
1
Suppose -3*k - j + 40 = 0, 3*k = -3*j + 42 - 6. Let f be (k/21)/((-1)/237). Let b = -62 - f. What is the units digit of b?
6
Suppose 4*f = 16 - 12, 5*f - 1457 = -3*a. Suppose -a = 5*y - 1964. What is the tens digit of y?
9
Let a(r) = 6*r**3 + 95*r**2 - 66*r + 186. Let l(z) = z**3 + 19*z**2 - 13*z + 37. Let s(q) = -2*a(q) + 11*l(q). What is the hundreds digit of s(17)?
4
Suppose 1101 + 1389 = 30*x. Suppose -3*o + 963 = -5*w - x, -5*o + 5*w + 1730 = 0. What is the tens digit of o?
4
Let v = -52915 - -98024. What is the units digit of v?
9
Suppose -20*w + 51364 = -19980 - 28676. What is the thousands digit of w?
5
Let g be 6/10 - (2252/20)/1. Let n = 262 + g. What is the hundreds digit of n?
1
Suppose -119912 = -120*r + 368003 + 592445. What is the hundreds digit of r?
0
Suppose 2196 = 14*o - 10894. Let v = o + -544. What is the tens digit of v?
9
Suppose 0 = -2*s - v + 4699, 4*s = 141*v - 138*v + 9373. What is the hundreds digit of s?
3
Let h be -1*((-4)/6 + (-266)/42). Suppose h*i = -0*i + 5824.